ime factors of n?
2, 3
Let b = -540 + 764. What are the prime factors of b?
2, 7
Suppose -n + 6 - 1 = 0. Let s = n - 2. List the prime factors of s.
3
Let q(y) = 13*y - 8. List the prime factors of q(5).
3, 19
Let a(f) be the first derivative of f**5/120 + 3*f**4/8 - 2*f**3/3 - 2. Let m(l) be the third derivative of a(l). What are the prime factors of m(-7)?
2
Suppose -3*z = 3*w - 12, -4*w + 3*z = -0*z + 19. List the prime factors of -2*((-26)/(-4))/w.
13
Suppose -2*r = 2*l - 4, -4*r + 5 + 0 = 3*l. Suppose -l*f - 19 = -4*f. List the prime factors of f.
19
Suppose 3*y + 79 = 4*t, -41 = -t + 2*y + 3*y. Suppose 4*r + 5*z = -t, 3*r = 2*z - 7*z - 17. List the prime factors of r - -2 - (-2 - -3).
2
Let b be (-1)/(-2) + (-268)/(-8). Suppose 2*o + 8 - b = 0. Let u = 23 - o. What are the prime factors of u?
2, 5
Let n be 80/(-3)*(-6)/5. Let l = n - 18. List the prime factors of l.
2, 7
Let l(a) = -a**2 + 5*a + 7. Let y be l(5). Let v(i) = 7*i**2 - 4*i - i**3 + i + 7 + 3*i. What are the prime factors of v(y)?
7
List the prime factors of 250 + (4 - -1) + -7.
2, 31
Let w = 5 + -4. Let y be -2 - (-5*w - -1). Suppose t = -3*c + 39, 4*c = -y*t + 24 + 30. List the prime factors of c.
2, 3
Suppose 0 = 5*d + 5, u + 2 = -5*d - 2. Let r = u + 3. Let t = r + 15. What are the prime factors of t?
19
Let n(m) = -2*m**3 - 1 + 2*m**2 + 4*m - 2*m + m**2. List the prime factors of n(-2).
23
Let d = 21 + 43. Suppose -4*z + d = -2*z. List the prime factors of z.
2
Let n(l) = 16*l - 15. Let h be n(-6). List the prime factors of h/(-3) + 3 + -4.
2, 3
Let r(x) = x**2 - 7. Let j(m) = -m**2 - m + 7. Let o(w) = -7*j(w) - 6*r(w). Let u be o(-8). Suppose 0 = -4*b + 15 + u. What are the prime factors of b?
2
Suppose 0 = -x + 3*y - 6*y + 20, 5*y = 25. Let t(d) = d - 2. Let m be t(0). Let n = x + m. What are the prime factors of n?
3
Let r(q) = q**2 - 3*q - 6. List the prime factors of r(-4).
2, 11
Let r = 78 - 36. Suppose -r = -j - d, j + d = -4*d + 46. What are the prime factors of j?
41
Suppose 4*m - 2*m = 20. What are the prime factors of m?
2, 5
Suppose 243 = 8*c + 43. What are the prime factors of c?
5
Suppose 4*r + 3*h + 34 = 4*h, -2*h = 3*r + 20. Let f be 24/14 - r/28. Suppose -f*i + 0*i + 5*p - 1 = 0, -p + 3 = 0. List the prime factors of i.
7
Let g be (-4)/(-2)*16/4. Let x(l) = -l**3 + 8*l**2 + l - 2. Let b be x(g). Let t(s) = -s**2 + 6*s + 5. What are the prime factors of t(b)?
5
Suppose 2*t - 13 = d + 202, -3*t = 3*d - 345. List the prime factors of t.
2, 5, 11
Let v(m) = -m**2 - m + 2. Let a be v(1). Suppose -3*b + 120 - 36 = a. What are the prime factors of b?
2, 7
Suppose -5 = 2*n - 3*u, 4*n + 3 = -4*u - 17. Suppose 0 = -w - 0*w. List the prime factors of w - n/2 - -2.
2
Let g = 2 - -28. Suppose -3*m - 20 = -5*o - m, 3*o + 4*m = 38. List the prime factors of ((-4)/o)/((-2)/g).
2, 5
Let w = -5 - -5. Suppose w = -5*s + 2*v + 2*v - 5, 4*s - 27 = -3*v. What are the prime factors of s?
3
Let q = 300 + -163. List the prime factors of q.
137
Suppose 3*s = -43 + 175. Suppose 3*y - 14 = r + 5*y, -3*y = -5*r - s. What are the prime factors of (4/r)/(2/(-20))?
2
Let v(y) = -6*y - 10. Let b be v(-9). Suppose -3*x + b = -x. List the prime factors of x.
2, 11
Let k(l) be the second derivative of l**5/20 - l**4/4 + l**3/2 - 2*l. What are the prime factors of k(2)?
2
Let f = -9 - -53. What are the prime factors of f?
2, 11
Let m(h) = -48*h + 3. Let k be m(-2). Suppose 0 = -2*y + 3*b + k, 0*b + 138 = 3*y - b. List the prime factors of y.
3, 5
Suppose 4*y = -2*u - 2, -y - 14 = -0*u - u. Let f(b) = b**2 + 2*b - 4. Let l be f(-4). Suppose -20 = l*r - u*r. List the prime factors of r.
2
Suppose -5*f = -0*f. Suppose -25 = 3*x - 5*z, 3*x - z - 3*z + 20 = f. Suppose -4*c + 9*c - 30 = x. What are the prime factors of c?
2, 3
Suppose 0*r = 3*r - 120. List the prime factors of r.
2, 5
Suppose -5*o + 75 = -85. Suppose -2*h + o = -0*h. What are the prime factors of h?
2
Let u = 4 - -90. Suppose 4*s = -0*j - 5*j + 197, 2*j + u = 2*s. What are the prime factors of s?
2, 3
Suppose -4*h - 15 + 3 = 4*f, -3*h - 14 = 4*f. What are the prime factors of (1 + h)/((-18)/(-12))?
2
Let r = -95 - -139. Let t = r - 5. List the prime factors of t.
3, 13
Let a(o) = -o**2 - 3*o - 2. Let u be a(-2). Suppose 2*m - 3 - 7 = 0. Suppose -50 = -m*v - u*v. What are the prime factors of v?
2, 5
Let r(z) = -z - 7. Let a be r(-4). Let i(b) = 2*b**2 - 2*b. List the prime factors of i(a).
2, 3
List the prime factors of -28*((-1)/(-2))/(28/(-266)).
7, 19
Let z = -30 - -195. What are the prime factors of z?
3, 5, 11
Let i = 26 - 13. Suppose 3*t = 4*t + 2*j + i, 2*j + 22 = -4*t. Let d(f) = -f**3 - f**2 + 2*f. What are the prime factors of d(t)?
2, 3
Let g(s) = s**2 - s + 20. Let m be g(0). List the prime factors of (-1)/(-4) - (-515)/m.
2, 13
Suppose -h + 8 = -3*h. What are the prime factors of 1/4 - 27/h?
7
Suppose 5*n - 2*c = 8, 2*c = -2*c - 16. Suppose n = 4*s - 38 - 6. List the prime factors of s.
11
Suppose -3*z = -6*z + 18. Suppose -p = -s - 4*s - 56, 0 = -2*s - z. Suppose p = 2*x + 7. What are the prime factors of x?
17
Let f = -257 - -416. List the prime factors of f.
3, 53
Let l(p) = -p**3 + 12*p**2 + 1. Let b be l(12). Let i = -7 + b. What are the prime factors of (-46)/(-6) - 2/i?
2
What are the prime factors of (-3)/2 - (-1108)/8?
137
Let d(i) = 4*i**2 - 2*i - 11. Let r(n) = -9*n**2 + 5*n + 21. Let y(f) = -7*d(f) - 3*r(f). What are the prime factors of y(0)?
2, 7
Suppose -11 = -3*w + 1. Suppose -5*i = -w*u + 8, u = -3*u - 2*i + 8. What are the prime factors of u?
2
List the prime factors of 48 + 6/(3 + -1).
3, 17
Suppose 5*d = 6*d - 344. What are the prime factors of d?
2, 43
Let m be 3/(-12) + 78/(-8). Let g = m - -24. List the prime factors of g.
2, 7
Suppose -6*b = -2*b + 16. Suppose 2*o - 12 = -0*o. Let r = o + b. List the prime factors of r.
2
Let x(s) = s**2 + 5*s - 9. Let t be x(-7). Let q(l) = 0 + 3*l - 2*l + t. List the prime factors of q(8).
13
Let g(h) = h**2 + 12*h + 12. Let t be g(-12). List the prime factors of t + 1/(1/(-3)).
3
Let v(x) = -2*x**2 + 2*x + 2. Let n be v(5). Let l = -22 - n. List the prime factors of l.
2
Suppose 4*n + 292 = -4*b, -4*n - 322 = -2*b - 0*b. Let c = 118 + n. Suppose -4*i - c = -9*i. What are the prime factors of i?
2
Let a = 3 + -2. Let m = a + 3. Suppose m*o - 2*g = 22, -5*o + 17 = -4*g - 15. List the prime factors of o.
2
Let t(v) = 7*v**2 + v - 1. Let d(k) = 2*k + 4. Let i be d(-4). Let x(h) = -h - 3. Let f be x(i). List the prime factors of t(f).
7
Let d = -6 - -4. Let u be 32/3 + d/3. Suppose 7*i = 2*i + u. List the prime factors of i.
2
Let h = 3 + -1. Suppose -h*b + 3 = -m - 0*b, -3*m - 4*b = -41. What are the prime factors of m?
7
Let b(u) = -2*u - 1. Let k be b(-2). Let x = k + -3. Suppose 0 = 5*w, x = -z + 3*z + 2*w - 12. What are the prime factors of z?
2, 3
Suppose 2*s - 14 + 4 = 0. Suppose 0*i - 4*t + 109 = s*i, 5*i - 102 = 3*t. List the prime factors of i.
3, 7
Let p = -31 - -17. Suppose -3*j + 9 = 0, -3*w = -2*j - 3*j + 78. Let h = p - w. What are the prime factors of h?
7
Let z = 99 + -154. Let g = z - -87. Suppose 5*a = -5*h + 25, -g = -3*h + 4*a + 18. What are the prime factors of h?
2, 5
Let v = 324 + -189. Suppose 5*z = 2*m - 38 + 11, -5*m - z + v = 0. What are the prime factors of m?
2, 13
Suppose 4*o = -0*o + 116. Let j = o - -21. Suppose -4*s = s - j. List the prime factors of s.
2, 5
Suppose 0 = -5*k - 13 + 33. Let p(z) be the second derivative of z**3/2 - z. List the prime factors of p(k).
2, 3
Suppose 0 = 4*q - 3*h + 125, -4*h + 45 = -q + 4. Let i = 54 + q. Suppose 5*l = -2*g + i + 6, 2*g - 5*l = -19. What are the prime factors of g?
3
Let b(u) = u**3 + u**2 - u + 1. Let z(p) = p**3 + 4*p**2 - 5*p + 6. Let v(g) = 6*b(g) - z(g). Let l be v(1). Let i(c) = 2*c. List the prime factors of i(l).
2, 3
Let o = 57 + -26. Let w = 52 - o. List the prime factors of w.
3, 7
Let d(b) = -b**2 + 2*b - 1. Let k be d(1). Suppose -5*y + 41 + 44 = k. What are the prime factors of y?
17
Let u(i) = -12*i**2 - 4 + i + 14*i**2 + i. List the prime factors of u(-3).
2
Suppose -6 = -2*h, -422 = -4*w - 2*h + 600. List the prime factors of w.
2, 127
Suppose 4 = 3*r - r. Suppose r*j - 3*j = -23. What are the prime factors of j?
23
Let s(q) = -q**3 - q**2 + 4*q - 2. Let d = -1